{"id":41,"date":"2022-01-17T17:07:13","date_gmt":"2022-01-17T17:07:13","guid":{"rendered":"https:\/\/corporativoglock.com\/?page_id=41"},"modified":"2022-01-25T18:50:46","modified_gmt":"2022-01-25T18:50:46","slug":"servicios","status":"publish","type":"page","link":"https:\/\/corporativoglock.com\/?page_id=41","title":{"rendered":"Servicios"},"content":{"rendered":"\t\t<div data-elementor-type=\"wp-page\" data-elementor-id=\"41\" class=\"elementor elementor-41\">\n\t\t\t\t\t\t<section class=\"elementor-section elementor-top-section elementor-element elementor-element-f135be7 elementor-section-boxed elementor-section-height-default elementor-section-height-default\" data-id=\"f135be7\" data-element_type=\"section\">\n\t\t\t\t\t\t<div class=\"elementor-container elementor-column-gap-default\">\n\t\t\t\t\t<div class=\"elementor-column elementor-col-33 elementor-top-column elementor-element elementor-element-53f4eb1\" data-id=\"53f4eb1\" data-element_type=\"column\">\n\t\t\t<div class=\"elementor-widget-wrap elementor-element-populated\">\n\t\t\t\t\t\t<div class=\"elementor-element elementor-element-32a768a elementor-widget elementor-widget-heading\" data-id=\"32a768a\" data-element_type=\"widget\" data-widget_type=\"heading.default\">\n\t\t\t\t<div class=\"elementor-widget-container\">\n\t\t\t\t\t<h2 class=\"elementor-heading-title elementor-size-default\">Catering para empresas<\/h2>\t\t\t\t<\/div>\n\t\t\t\t<\/div>\n\t\t\t\t<div class=\"elementor-element elementor-element-68dad9e elementor-widget elementor-widget-text-editor\" data-id=\"68dad9e\" data-element_type=\"widget\" data-widget_type=\"text-editor.default\">\n\t\t\t\t<div class=\"elementor-widget-container\">\n\t\t\t\t\t\t\t\t\t<p>En el servicio de catering para empresas\u00a0se ofrecen men\u00fas ajustado a las especificaciones de la actividad que origin\u00f3 la solicitud,\u00a0puede tratarse de un almuerzo ejecutivo, sesiones de formaci\u00f3n, reuniones de negocio, o alguna actividad especial como la celebraci\u00f3n de una fecha especial.<\/p>\t\t\t\t\t\t\t\t<\/div>\n\t\t\t\t<\/div>\n\t\t\t\t\t<\/div>\n\t\t<\/div>\n\t\t\t\t<div class=\"elementor-column elementor-col-33 elementor-top-column elementor-element elementor-element-402e4bc\" data-id=\"402e4bc\" data-element_type=\"column\">\n\t\t\t<div class=\"elementor-widget-wrap elementor-element-populated\">\n\t\t\t\t\t\t<div class=\"elementor-element elementor-element-6d564a9 elementor-widget elementor-widget-heading\" data-id=\"6d564a9\" data-element_type=\"widget\" data-widget_type=\"heading.default\">\n\t\t\t\t<div class=\"elementor-widget-container\">\n\t\t\t\t\t<h2 class=\"elementor-heading-title elementor-size-default\">Catering m\u00f3vil<\/h2>\t\t\t\t<\/div>\n\t\t\t\t<\/div>\n\t\t\t\t<div class=\"elementor-element elementor-element-9045f53 elementor-widget elementor-widget-text-editor\" data-id=\"9045f53\" data-element_type=\"widget\" data-widget_type=\"text-editor.default\">\n\t\t\t\t<div class=\"elementor-widget-container\">\n\t\t\t\t\t\t\t\t\t<p>Usado con mucha frecuencia actualmente, este servicio de cateringse encarga de armar en un lugar espec\u00edfico toda la log\u00edstica necesariapara propiciar un espacio para que las personas puedan comer.<\/p>\t\t\t\t\t\t\t\t<\/div>\n\t\t\t\t<\/div>\n\t\t\t\t\t<\/div>\n\t\t<\/div>\n\t\t\t\t<div class=\"elementor-column elementor-col-33 elementor-top-column elementor-element elementor-element-03bc202\" data-id=\"03bc202\" data-element_type=\"column\">\n\t\t\t<div class=\"elementor-widget-wrap elementor-element-populated\">\n\t\t\t\t\t\t<div class=\"elementor-element elementor-element-db86738 elementor-widget elementor-widget-heading\" data-id=\"db86738\" data-element_type=\"widget\" data-widget_type=\"heading.default\">\n\t\t\t\t<div class=\"elementor-widget-container\">\n\t\t\t\t\t<h2 class=\"elementor-heading-title elementor-size-default\">Programa de nutrici\u00f3n<\/h2>\t\t\t\t<\/div>\n\t\t\t\t<\/div>\n\t\t\t\t<div class=\"elementor-element elementor-element-3e14797 elementor-widget elementor-widget-text-editor\" data-id=\"3e14797\" data-element_type=\"widget\" data-widget_type=\"text-editor.default\">\n\t\t\t\t<div class=\"elementor-widget-container\">\n\t\t\t\t\t\t\t\t\t<p>\u00bfEn qu\u00e9 consiste? Nutritips, Men\u00fas nutritivos y valores cal\u00f3ricos, incorporaci\u00f3n de la opci\u00f3n \u201cCrea tu ensalada\u201d, pl\u00e1ticas y talleres de nutrici\u00f3n; consultas, asesor\u00eda y orientaci\u00f3n nutricional; clases de cocina \u201cCocina tu salud\u201d, fomento de actividad f\u00edsica.<\/p>\t\t\t\t\t\t\t\t<\/div>\n\t\t\t\t<\/div>\n\t\t\t\t\t<\/div>\n\t\t<\/div>\n\t\t\t\t\t<\/div>\n\t\t<\/section>\n\t\t\t\t<section class=\"elementor-section elementor-top-section elementor-element elementor-element-c642880 elementor-section-boxed elementor-section-height-default elementor-section-height-default\" data-id=\"c642880\" data-element_type=\"section\">\n\t\t\t\t\t\t<div class=\"elementor-container elementor-column-gap-default\">\n\t\t\t\t\t<div class=\"elementor-column elementor-col-33 elementor-top-column elementor-element elementor-element-3cf9d95\" data-id=\"3cf9d95\" data-element_type=\"column\">\n\t\t\t<div class=\"elementor-widget-wrap elementor-element-populated\">\n\t\t\t\t\t\t<div class=\"elementor-element elementor-element-1f9e9ac elementor-widget elementor-widget-heading\" data-id=\"1f9e9ac\" data-element_type=\"widget\" data-widget_type=\"heading.default\">\n\t\t\t\t<div class=\"elementor-widget-container\">\n\t\t\t\t\t<h2 class=\"elementor-heading-title elementor-size-default\">Posicionamiento de marca<\/h2>\t\t\t\t<\/div>\n\t\t\t\t<\/div>\n\t\t\t\t<div class=\"elementor-element elementor-element-2632c0e elementor-widget elementor-widget-text-editor\" data-id=\"2632c0e\" data-element_type=\"widget\" data-widget_type=\"text-editor.default\">\n\t\t\t\t<div class=\"elementor-widget-container\">\n\t\t\t\t\t\t\t\t\t<p>Servicio integral de planeaci\u00f3n, ejecuci\u00f3n y evaluaci\u00f3n de una estrategia de posicionamiento o lanzamiento mediante la convocatoria especializada, exposici\u00f3n a medios de comunicaci\u00f3n y publicaciones en redes sociales.<\/p>\t\t\t\t\t\t\t\t<\/div>\n\t\t\t\t<\/div>\n\t\t\t\t\t<\/div>\n\t\t<\/div>\n\t\t\t\t<div class=\"elementor-column elementor-col-33 elementor-top-column elementor-element elementor-element-618f453\" data-id=\"618f453\" data-element_type=\"column\">\n\t\t\t<div class=\"elementor-widget-wrap elementor-element-populated\">\n\t\t\t\t\t\t<div class=\"elementor-element elementor-element-f86a9b9 elementor-widget elementor-widget-heading\" data-id=\"f86a9b9\" data-element_type=\"widget\" data-widget_type=\"heading.default\">\n\t\t\t\t<div class=\"elementor-widget-container\">\n\t\t\t\t\t<h2 class=\"elementor-heading-title elementor-size-default\">Catas y Maridajes<\/h2>\t\t\t\t<\/div>\n\t\t\t\t<\/div>\n\t\t\t\t<div class=\"elementor-element elementor-element-12de9ae elementor-widget elementor-widget-text-editor\" data-id=\"12de9ae\" data-element_type=\"widget\" data-widget_type=\"text-editor.default\">\n\t\t\t\t<div class=\"elementor-widget-container\">\n\t\t\t\t\t\t\t\t\t<p>El \u00e9xito de un evento donde se involucren los vinos, las bebidas destiladas, la cerveza, el caf\u00e9 o el t\u00e9 depende directamente de la correcta elecci\u00f3n de los mismos, y se deben cuidar las temperaturas de servicio, as\u00ed como la cristaler\u00eda y el conocimiento del sommelier para que el evento resulte excelente.<\/p>\t\t\t\t\t\t\t\t<\/div>\n\t\t\t\t<\/div>\n\t\t\t\t\t<\/div>\n\t\t<\/div>\n\t\t\t\t<div class=\"elementor-column elementor-col-33 elementor-top-column elementor-element elementor-element-433be43\" data-id=\"433be43\" data-element_type=\"column\">\n\t\t\t<div class=\"elementor-widget-wrap\">\n\t\t\t\t\t\t\t<\/div>\n\t\t<\/div>\n\t\t\t\t\t<\/div>\n\t\t<\/section>\n\t\t\t\t<\/div>\n\t\t","protected":false},"excerpt":{"rendered":"<p>Catering para empresas En el servicio de catering para empresas\u00a0se ofrecen men\u00fas ajustado a las especificaciones de la actividad que origin\u00f3 la solicitud,\u00a0puede tratarse de un almuerzo ejecutivo, sesiones de formaci\u00f3n, reuniones de negocio, o alguna actividad especial como la celebraci\u00f3n de una fecha especial. Catering m\u00f3vil Usado con mucha frecuencia actualmente, este servicio de &hellip; <\/p>\n<p class=\"link-more\"><a href=\"https:\/\/corporativoglock.com\/?page_id=41\" class=\"more-link\">Continuar leyendo<span class=\"screen-reader-text\"> \u00abServicios\u00bb<\/span><\/a><\/p>\n","protected":false},"author":1,"featured_media":94,"parent":0,"menu_order":0,"comment_status":"closed","ping_status":"closed","template":"","meta":{"om_disable_all_campaigns":false,"_monsterinsights_skip_tracking":false,"_monsterinsights_sitenote_active":false,"_monsterinsights_sitenote_note":"","_monsterinsights_sitenote_category":0,"_uf_show_specific_survey":0,"_uf_disable_surveys":false,"footnotes":""},"class_list":["post-41","page","type-page","status-publish","has-post-thumbnail","hentry"],"aioseo_notices":[],"_links":{"self":[{"href":"https:\/\/corporativoglock.com\/index.php?rest_route=\/wp\/v2\/pages\/41","targetHints":{"allow":["GET"]}}],"collection":[{"href":"https:\/\/corporativoglock.com\/index.php?rest_route=\/wp\/v2\/pages"}],"about":[{"href":"https:\/\/corporativoglock.com\/index.php?rest_route=\/wp\/v2\/types\/page"}],"author":[{"embeddable":true,"href":"https:\/\/corporativoglock.com\/index.php?rest_route=\/wp\/v2\/users\/1"}],"replies":[{"embeddable":true,"href":"https:\/\/corporativoglock.com\/index.php?rest_route=%2Fwp%2Fv2%2Fcomments&post=41"}],"version-history":[{"count":15,"href":"https:\/\/corporativoglock.com\/index.php?rest_route=\/wp\/v2\/pages\/41\/revisions"}],"predecessor-version":[{"id":105,"href":"https:\/\/corporativoglock.com\/index.php?rest_route=\/wp\/v2\/pages\/41\/revisions\/105"}],"wp:featuredmedia":[{"embeddable":true,"href":"https:\/\/corporativoglock.com\/index.php?rest_route=\/wp\/v2\/media\/94"}],"wp:attachment":[{"href":"https:\/\/corporativoglock.com\/index.php?rest_route=%2Fwp%2Fv2%2Fmedia&parent=41"}],"curies":[{"name":"wp","href":"https:\/\/api.w.org\/{rel}","templated":true}]}}